1421?
204154
In base 7, what is -30603 + -14060?
-44663
In base 13, what is 26 + 3c6921a?
3c69243
In base 8, what is -1 - -20445633?
20445632
In base 3, what is -1 - -22011221211210?
22011221211202
In base 4, what is 11023132 + 133?
11023331
In base 12, what is -3 + 369355?
369352
In base 12, what is -3911541 + 48?
-39114b5
In base 14, what is 15154 + 57d?
156d3
In base 2, what is 100010101000011111010000111 - -100?
100010101000011111010001011
In base 3, what is 1222201212022012 + -200?
1222201212021112
In base 8, what is -13770 - 1216636?
-1232626
In base 13, what is -9674681 - 4?
-9674685
In base 3, what is 110021001102 - -21000?
110021022102
In base 10, what is 38099 - -5109?
43208
In base 6, what is -1 + -110510241?
-110510242
In base 15, what is 57 + -2061c?
-205b5
In base 3, what is -1021200111112111100 - -12?
-1021200111112111011
In base 15, what is 84 - -5dc44?
5dcc8
In base 15, what is -199d5 + -cd1?
-1a7b6
In base 6, what is -1140 - 1255522?
-1301102
In base 16, what is 3 - -2835ac?
2835af
In base 5, what is 143444322021 + -3?
143444322013
In base 7, what is -4625136 - -5030?
-4620106
In base 12, what is -114 + 12345b?
123347
In base 10, what is 35168880 + -6?
35168874
In base 9, what is -15527086 - 4?
-15527101
In base 14, what is 2a86a7 - 7?
2a86a0
In base 6, what is 243 + 11322454?
11323141
In base 5, what is 1 + -103420000101?
-103420000100
In base 9, what is 3768 + -33367?
-28488
In base 12, what is -412218 + -31?
-412249
In base 15, what is 0 - -580066?
580066
In base 2, what is -10001101110001111000 + 11?
-10001101110001110101
In base 10, what is -2127726 + -6?
-2127732
In base 8, what is 632242474 - 4?
632242470
In base 9, what is -30401 - 1?
-30402
In base 5, what is 0 + 2432121133?
2432121133
In base 15, what is c11528 - -a?
c11533
In base 8, what is -2 - -55634273?
55634271
In base 11, what is -a2 - 4685a2?
-468694
In base 14, what is -398 - 10914?
-10cac
In base 15, what is aa297ba - 2?
aa297b8
In base 13, what is 0 - 48376?
-48376
In base 14, what is -132 + 4c6?
394
In base 14, what is 106d304 + 4?
106d308
In base 16, what is 937 + 1ce7?
261e
In base 7, what is -6414 - 2055?
-11502
In base 16, what is -12 + -32f7?
-3309
In base 2, what is 1101111111110001111100110 + -1?
1101111111110001111100101
In base 6, what is -212452 + 233?
-212215
In base 6, what is -205302 - 4024?
-213330
In base 14, what is 856 + 1302?
1b58
In base 10, what is -5 + 17412657?
17412652
In base 5, what is 144 + -33313231?
-33313032
In base 11, what is 89992 + 8a?
89a71
In base 14, what is -cd1 - b51?
-1a42
In base 10, what is 4499051 + 4?
4499055
In base 2, what is 100101000100100000110 - 1?
100101000100100000101
In base 9, what is -2 - -6313177?
6313175
In base 4, what is -13002220110021 - 11?
-13002220110032
In base 14, what is 8d632 + -3c?
8d5d4
In base 3, what is -12 - 10212210220010?
-10212210220022
In base 3, what is -20 - 121212122?
-121212212
In base 11, what is -10684 + 10a08?
334
In base 3, what is 112212 + -1022112000102?
-1022111110120
In base 14, what is -4999 - 25cb?
-7186
In base 6, what is -15105154 + -322?
-15105520
In base 9, what is 4 + -12615706?
-12615702
In base 5, what is 1423 + 33324421?
33331344
In base 16, what is -89114 - -1?
-89113
In base 5, what is 2422100423 + 4?
2422100432
In base 14, what is -34cc5 + 1987?
-3333c
In base 13, what is 22a2 - 126a9?
-10407
In base 14, what is 4 + -26b858?
-26b854
In base 13, what is 6b837 - -b1?
6b918
In base 3, what is -212210202 + 10021112?
-202112020
In base 10, what is -52982 + -14?
-52996
In base 8, what is -6 - 274711657?
-274711665
In base 15, what is -22 - -109a16?
1099e4
In base 16, what is 128dbd4 - 4?
128dbd0
In base 13, what is -2 - 135766?
-135768
In base 9, what is 3 - 174152182?
-174152178
In base 16, what is -5d0 - 1a941?
-1af11
In base 15, what is -73b1 + -28d6?
-9c97
In base 13, what is -5 - 2659682?
-2659687
In base 12, what is 0 + -29315?
-29315
In base 11, what is -31289 - -9073?
-23216
In base 4, what is 12 - 11210120013?
-11210120001
In base 12, what is 3b8459 + 10b?
3b8568
In base 7, what is 236136 - -223?
236362
In base 15, what is 3 - 5a6360?
-5a635c
In base 8, what is 12342 - -613?
13155
In base 6, what is -311 + -22451220?
-22451531
In base 14, what is -7 - -27918a3?
279189a
In base 10, what is 18651465 - -5?
18651470
In base 15, what is -2 + -3750642?
-3750644
In base 6, what is -221240 - 2204?
-223444
In base 6, what is -221525521132 + 2?
-221525521130
In base 12, what is 3 - -2384b15?
2384b18
In base 9, what is 5571 - -7415?
14086
In base 4, what is 10000 - 20232200?
-20222200
In base 7, what is -20401 + -31552?
-52253
In base 11, what is a36 - -6941?
7877
In base 11, what is -216 - 3935642?
-3935858
In base 2, what is -1010 + 10111001100111000?
10111001100101110
In base 7, what is 1506150 + 16445?
1525625
In base 3, what is -101 - -2120220022100?
2120220021222
In base 15, what is 222856 - 5?
222851
In base 9, what is 342 + 18836?
20278
In base 9, what is -2 - -3713726?
3713724
In base 8, what is -5 - -71647720?
71647713
In base 12, what is -13b2 + 12586?
11194
In base 11, what is -1 + -23311a68?
-23311a69
In base 5, what is -3143134344 - 311?
-3143140210
In base 4, what is -102310333 - -2001112?
-100303221
In base 14, what is -aabd - 59?
-ab38
In base 2, what is -1 + 10101001100011010100000111?
10101001100011010100000110
In base 11, what is 398359 + 428?
398786
In base 7, what is 5 + -131232601?
-131232563
In base 12, what is -6954 - -b4?
-6860
In base 13, what is 11198 - -12ac?
12477
In base 10, what is -244451 + -88?
-244539
In base 9, what is -467647 - 3721?
-472468
In base 8, what is -165336654 + -5?
-165336661
In base 14, what is 3ca5b9 + 5?
3ca5c0
In base 3, what is -12210100002210010 - 12?
-12210100002210022
In base 6, what is -22 - -5341532200?
5341532134
In base 16, what is a1 + 730180?
730221
In base 2, what is 1001011011111111101 + -1110111110?
1001011010000111111
In base 7, what is -454 - 402510?
-403264
In base 3, what is 112112122221 + -110221?
112112012000
In base 16, what is -4105 + 1e9?
-3f1c
In base 3, what is -22102210 + -122122112?
-222002022
In base 8, what is 41 + -67301?
-67240
In base 6, what is -5252350 + -50?
-5252440
In base 9, what is -62 - -100728?
100656
In base 10, what is 4 + 4679650?
4679654
In base 3, what is 22021 - 210212102101?
-210212010010
In base 10, what is -21220 + -250?
-21470
In base 12, what is 174a1917 - 6?
174a1911
In base 13, what is 7a5752a + -5?
7a57525
In base 12, what is 19873a + -10?
19872a
In base 16, what is b - -f23f30?
f23f3b
In base 7, what is 511 - -214015?
214526
In base 10, what is -309 + 8782?
8473
In base 16, what is 1 - e3945d?
-e3945c
In base 8, what is -47771 + -3523?
-53514
In base 12, what is -92a2b45 + -a?
-92a2b53
In base 14, what is 2 + -17450cb?
-17450c9
In base 6, what is 1 + 200442235?
200442240
In base 14, what is -23ad - -18d9?
-8b4
In base 10, what is -163 + 31788?
31625
In base 15, what is a131 + -50?
a0d1
In base 11, what is -48 - 86076?
-86113
In base 8, what is -465062 - 105?
-465167
In base 4, what is -31 + 33003301103?
33003301012
In base 6, what is -2 + 11551152134?
11551152132
In base 3, what is -20 - 12121222102012?
-12121222102102
In base 10, what is -456 - 14934?
-15390
In base 14, what is -3 - aa8713?
-aa8716
In base 5, what is -311 + 102210122?
102204311
In base 6, what is 114415115 + 5?
114415124
In base 12, what is 1455 - 4b3a4?
-49b4b
In base 2, what is 101100 - 1100111001111110011000?
-1100111001111101101100
In base 13, what is 3b6 + 76?
45c
In base 11, what is 9062322 - 6?
9062317
In base 5, what is 24144444301 + -1?
24144444300
In base 2, what is 10100100101 - -110000110110110001?
110001001011010110
In base 10, what is -473 + -157492?
-157965
In base 3, what is -2012001011 + -2202122?
-2021210210
In base 15, what is 30716 + -1b?
306ea
In base 4, what is -3 + -211313110210?
-211313110213
In base 14, what is -521 - 1155?
-1676
In base 9, what is 3420 + 102076?
105506
In base 12, what is -1307aba - 31?
-1307b2b
In base 13, what is 1722 + -278?
1477
In base 10, what is -512676553 - -5?
-512676548
In base 5, what is 34100302121 - 0?
34100302121
In base 8, what is 601 - 1125723?
-1125122
In base 16, what is -812 + -a5b?
-126d
In base 16, what is b + 9277b3?
9277